re the prime factors of 45012454?
2, 599, 37573
List the prime factors of 101332470.
2, 3, 5, 47, 71867
What are the prime factors of 441973754?
2, 857, 257861
List the prime factors of 141744929.
17, 23, 227, 1597
What are the prime factors of 142090785?
3, 5, 3157573
List the prime factors of 60413895.
3, 5, 1342531
List the prime factors of 39918039.
3, 7, 571, 3329
What are the prime factors of 913097097?
3, 11, 269, 1039
What are the prime factors of 3490023439?
7, 61, 193, 42349
List the prime factors of 7769364725.
5, 310774589
What are the prime factors of 450967127?
13, 34689779
What are the prime factors of 153687776?
2, 11, 73, 5981
List the prime factors of 78640332.
2, 3, 6553361
What are the prime factors of 149148594?
2, 3, 7, 19, 1093
What are the prime factors of 102760618?
2, 37, 113, 12289
List the prime factors of 1926357704.
2, 193, 1247641
What are the prime factors of 117487829?
251, 468079
What are the prime factors of 60083514?
2, 3, 3337973
What are the prime factors of 13686656?
2, 23, 4649
What are the prime factors of 383371337?
23, 16668319
List the prime factors of 1009377930.
2, 3, 5, 11, 739, 4139
List the prime factors of 784736758.
2, 13, 30182183
What are the prime factors of 148415410?
2, 5, 11, 13, 103787
List the prime factors of 982919835.
3, 5, 23, 811, 1171
What are the prime factors of 332393489?
97, 3426737
What are the prime factors of 641882226?
2, 3, 17, 631, 9973
List the prime factors of 2989989567.
3, 229, 1450747
List the prime factors of 22396605.
3, 5, 7, 11, 19391
List the prime factors of 2114367.
3, 23, 30643
What are the prime factors of 2137174093?
19, 233, 482759
List the prime factors of 40232109.
3, 103, 130201
What are the prime factors of 24625097?
7, 502553
List the prime factors of 128474268.
2, 3, 13, 823553
List the prime factors of 27605412.
2, 3, 766817
What are the prime factors of 39120046?
2, 7, 2794289
What are the prime factors of 276143375?
5, 157, 14071
List the prime factors of 160065963.
3, 251, 7873
List the prime factors of 7519801.
19, 109, 3631
List the prime factors of 1765565901.
3, 11, 113, 157823
What are the prime factors of 85647248?
2, 5352953
List the prime factors of 1786289848.
2, 7, 23, 37, 37483
List the prime factors of 1696917796.
2, 7, 60604207
What are the prime factors of 45862675?
5, 19, 96553
List the prime factors of 254466653.
7, 5193197
What are the prime factors of 4259584109?
11, 31, 12491449
What are the prime factors of 1065351362?
2, 4789, 111229
List the prime factors of 578955357.
3, 7147597
List the prime factors of 1575571450.
2, 5, 29, 89, 421
List the prime factors of 200899245.
3, 5, 13393283
List the prime factors of 843618390.
2, 3, 5, 4273, 6581
What are the prime factors of 36051022?
2, 7, 2575073
What are the prime factors of 1681797596?
2, 43, 59, 103, 1609
What are the prime factors of 5049349632?
2, 3, 1095779
List the prime factors of 4138094.
2, 2069047
What are the prime factors of 2970941513?
31, 95836823
List the prime factors of 3190771968.
2, 3, 23, 31, 5827
What are the prime factors of 445902841?
2251, 198091
What are the prime factors of 347998741?
109, 3192649
What are the prime factors of 104674707?
3, 359, 10799
What are the prime factors of 203238697?
31, 83, 78989
List the prime factors of 8676929467.
139, 379, 164707
List the prime factors of 2099596685.
5, 419919337
List the prime factors of 176220445.
5, 89, 396001
What are the prime factors of 96501937?
7, 29, 475379
List the prime factors of 138134857.
7, 19733551
List the prime factors of 66722144.
2, 17, 122651
List the prime factors of 86026404.
2, 3, 181, 39607
What are the prime factors of 32624061?
3, 10874687
List the prime factors of 382341784.
2, 11, 499, 8707
What are the prime factors of 24894445?
5, 4978889
What are the prime factors of 232395387?
3, 7, 1580921
List the prime factors of 227249012.
2, 56812253
List the prime factors of 1954800417.
3, 6857, 95027
What are the prime factors of 142069808?
2, 79, 112397
List the prime factors of 36261094.
2, 293, 61879
What are the prime factors of 46672651?
37, 107, 11789
List the prime factors of 232221636.
2, 3, 263, 24527
List the prime factors of 119720400.
2, 3, 5, 99767
List the prime factors of 1426368726.
2, 3, 79242707
List the prime factors of 35827437.
3, 11942479
What are the prime factors of 216082829?
47, 677, 6791
What are the prime factors of 37007707?
11, 31, 41, 2647
List the prime factors of 90231226.
2, 89, 541, 937
List the prime factors of 2056493691.
3, 7, 57571
What are the prime factors of 627312277?
199, 1301, 2423
What are the prime factors of 80428390?
2, 5, 7, 1148977
What are the prime factors of 242582403?
3, 7, 23, 359, 1399
What are the prime factors of 566576655?
3, 5, 4283, 8819
What are the prime factors of 3575363884?
2, 47, 19017893
List the prime factors of 89732554.
2, 19, 29, 107, 761
What are the prime factors of 74268072?
2, 3, 29, 35569
List the prime factors of 2241015305.
5, 43, 10423327
What are the prime factors of 1832959790?
2, 5, 29, 6320551
List the prime factors of 857990581.
7, 19, 113, 57089
List the prime factors of 2233415536.
2, 11, 1367, 9283
List the prime factors of 82706709.
3, 1381, 19963
List the prime factors of 285869557.
47, 1709, 3559
What are the prime factors of 61269318?
2, 3, 11, 9377
What are the prime factors of 3811421866?
2, 7, 359, 758341
List the prime factors of 55667534.
2, 13, 2141059
What are the prime factors of 722830847?
937, 771431
List the prime factors of 726165866.
2, 829, 437977
List the prime factors of 231820196.
2, 57955049
List the prime factors of 837673515.
3, 5, 7, 886427
List the prime factors of 453242939.
7283, 62233
What are the prime factors of 291104305?
5, 41, 463, 3067
List the prime factors of 131579645.
5, 26315929
List the prime factors of 28041670.
2, 5, 17, 31, 313
List the prime factors of 691368605.
5, 307, 450403
List the prime factors of 44917131.
3, 7, 1049, 2039
List the prime factors of 1595508204.
2, 3, 19, 6997843
List the prime factors of 321299136.
2, 3, 61979
What are the prime factors of 59167170?
2, 3, 5, 657413
List the prime factors of 30862273.
13, 182617
What are the prime factors of 1470041089?
11, 3943, 33893
What are the prime factors of 206849286?
2, 3, 7, 29, 8087
List the prime factors of 161600304.
2, 3, 3366673
What are the prime factors of 864000088?
2, 7, 15428573
List the prime factors of 1157414911.
29, 1867, 21377
List the prime factors of 748872951.
3, 233, 1071349
List the prime factors of 247231779.
3, 82410593
What are the prime factors of 742747411?
7, 19, 5584567
List the prime factors of 184786235.
5, 1913, 19319
What are the prime factors of 63407286?
2, 3, 391403
List the prime factors of 93052181.
23, 137, 29531
List the prime factors of 321802670.
2, 5, 7, 2083, 2207
What are the prime factors of 2689201022?
2, 2963, 453797
List the prime factors of 4908144850.
2, 5, 7, 41, 211, 1621
List the prime factors of 37925275.
5, 23, 65957
List the prime factors of 4918048612.
2, 1019, 1206587
List the prime factors of 2012536949.
61, 199, 317, 523
List the prime factors of 11174761.
13, 71, 12107
List the prime factors of 11654853.
3, 7, 31, 17903
List the prime factors of 361864934.
2, 23, 41, 313, 613
List the prime factors of 427743826.
2, 213871913
List the prime factors of 309959765.
5, 83, 746891
List the prime factors of 1013897628.
2, 3, 9387941
What are the prime factors of 2121573395?
5, 17, 827, 30181
List the prime factors of 220512940.
2, 5, 11025647
List the prime factors of 222332600.
2, 5, 7, 463
What are the prime factors of 227741629?
13499, 16871
List the prime factors of 25974009.
3, 359, 8039
What are the prime factors of 663265067?
43, 2837, 5437
What are the prime factors of 141306361?
7, 3391, 5953
What are the prime factors of 1252464784?
2, 43, 1021, 1783
What are the prime factors of 250412923?
523, 478801
What are the prime factors of 1000362260?
2, 5, 67, 107, 6977
List the prime factors of 1594768775.
5, 463, 137777
List the prime factors of 14370642.
2, 3, 11, 13, 1861
What are the prime factors of 983750592?
2, 3, 11, 379, 1229
What are the prime factors of 37155147?
3, 12385049
What are the prime factors of 1286746